{"id":4487,"date":"2022-12-01T10:29:28","date_gmt":"2022-12-01T09:29:28","guid":{"rendered":"https:\/\/www.elenacrespi.com\/mitjans\/el-mon-capitalista-tempeny-a-tenir-una-criatura-pero-despres-ha-de-semblar-que-no-el-setembre\/"},"modified":"2022-12-01T10:34:36","modified_gmt":"2022-12-01T09:34:36","slug":"el-mon-capitalista-tempeny-a-tenir-una-criatura-pero-despres-ha-de-semblar-que-no-el-setembre","status":"publish","type":"mitjans","link":"https:\/\/www.elenacrespi.com\/es\/mitjans\/el-mon-capitalista-tempeny-a-tenir-una-criatura-pero-despres-ha-de-semblar-que-no-el-setembre\/","title":{"rendered":"El m\u00f3n capitalista t&#8217;empeny a tenir una criatura, per\u00f2 despr\u00e9s ha de semblar que no. El setembre."},"parent":0,"menu_order":0,"template":"","categoria_mitjans":[91],"acf":[],"ptb_metabox":{"ptb_mitjans_data":"22 de novembre 2022 ","ptb_mitjans_":{"1":"https:\/\/www.elsetembre.cat\/noticia\/1207\/elena-crespi-mon-capitalista-empeny-tenir-criatura-pero-despr-semblar-no"}},"ptb_taxonomy":{"categoria_mitjans":[{"term_id":91,"name":"Premsa","slug":"premsa-es","term_group":0,"term_taxonomy_id":91,"taxonomy":"categoria_mitjans","description":"","parent":0,"count":5,"filter":"raw"}]},"ptb_featured_image":null,"_links":{"self":[{"href":"https:\/\/www.elenacrespi.com\/es\/wp-json\/wp\/v2\/mitjans\/4487"}],"collection":[{"href":"https:\/\/www.elenacrespi.com\/es\/wp-json\/wp\/v2\/mitjans"}],"about":[{"href":"https:\/\/www.elenacrespi.com\/es\/wp-json\/wp\/v2\/types\/mitjans"}],"wp:attachment":[{"href":"https:\/\/www.elenacrespi.com\/es\/wp-json\/wp\/v2\/media?parent=4487"}],"wp:term":[{"taxonomy":"categoria_mitjans","embeddable":true,"href":"https:\/\/www.elenacrespi.com\/es\/wp-json\/wp\/v2\/categoria_mitjans?post=4487"}],"curies":[{"name":"wp","href":"https:\/\/api.w.org\/{rel}","templated":true}]}}

El món capitalista t&#8217;empeny a tenir una criatura, però després ha de semblar que no. El setembre.
